{"id":57,"date":"2013-06-11T22:25:51","date_gmt":"2013-06-11T20:25:51","guid":{"rendered":"http:\/\/strucnoobraz.web.ba\/?page_id=57"},"modified":"2021-11-01T21:38:39","modified_gmt":"2021-11-01T20:38:39","slug":"inkluzija","status":"publish","type":"page","link":"https:\/\/strucnoobraz.edu.ba\/?page_id=57","title":{"rendered":"Inkluzija"},"content":{"rendered":"<p>Vi\u0161e o ovoj temi mo\u017eete pogledati u sljede\u0107im radovima:<\/p>\n<ol>\n<li><a href=\"https:\/\/strucnoobraz.edu.ba\/wp-content\/uploads\/2013\/06\/Ceri_Haris_inkluzija.pdf\">Ceri\u0107 Haris, inkluzija<\/a><\/li>\n<li><a href=\"https:\/\/strucnoobraz.edu.ba\/wp-content\/uploads\/2013\/06\/Kratki_Vodi_kroz_inkluzivno_obrazovanje_OSCE.pdf\">Kratki vodi\u010d kroz inkluzivno obrazovanje<\/a><\/li>\n<li><a href=\"https:\/\/strucnoobraz.edu.ba\/wp-content\/uploads\/2013\/06\/Inkluzija_djece_s_tekoama_u_razvoju_u_redovan_sustav_odgoja_i_obrazovanja-1.doc\">Inkluzija djece sa te\u0161ko\u0107ama u razvoju<\/a><\/li>\n<\/ol>\n","protected":false},"excerpt":{"rendered":"<p>Vi\u0161e o ovoj temi mo\u017eete pogledati u sljede\u0107im radovima: Ceri\u0107 Haris, inkluzija Kratki vodi\u010d kroz inkluzivno obrazovanje Inkluzija djece sa te\u0161ko\u0107ama u razvoju<\/p>\n","protected":false},"author":1,"featured_media":0,"parent":0,"menu_order":0,"comment_status":"closed","ping_status":"closed","template":"","meta":{"footnotes":""},"class_list":["post-57","page","type-page","status-publish","hentry"],"_links":{"self":[{"href":"https:\/\/strucnoobraz.edu.ba\/index.php?rest_route=\/wp\/v2\/pages\/57","targetHints":{"allow":["GET"]}}],"collection":[{"href":"https:\/\/strucnoobraz.edu.ba\/index.php?rest_route=\/wp\/v2\/pages"}],"about":[{"href":"https:\/\/strucnoobraz.edu.ba\/index.php?rest_route=\/wp\/v2\/types\/page"}],"author":[{"embeddable":true,"href":"https:\/\/strucnoobraz.edu.ba\/index.php?rest_route=\/wp\/v2\/users\/1"}],"replies":[{"embeddable":true,"href":"https:\/\/strucnoobraz.edu.ba\/index.php?rest_route=%2Fwp%2Fv2%2Fcomments&post=57"}],"version-history":[{"count":5,"href":"https:\/\/strucnoobraz.edu.ba\/index.php?rest_route=\/wp\/v2\/pages\/57\/revisions"}],"predecessor-version":[{"id":2751,"href":"https:\/\/strucnoobraz.edu.ba\/index.php?rest_route=\/wp\/v2\/pages\/57\/revisions\/2751"}],"wp:attachment":[{"href":"https:\/\/strucnoobraz.edu.ba\/index.php?rest_route=%2Fwp%2Fv2%2Fmedia&parent=57"}],"curies":[{"name":"wp","href":"https:\/\/api.w.org\/{rel}","templated":true}]}}