{"id":271,"date":"2019-02-01T10:20:15","date_gmt":"2019-02-01T09:20:15","guid":{"rendered":"http:\/\/strucnoobraz.web.ba\/?page_id=271"},"modified":"2026-04-15T12:44:15","modified_gmt":"2026-04-15T10:44:15","slug":"uposleni","status":"publish","type":"page","link":"https:\/\/strucnoobraz.edu.ba\/?page_id=271","title":{"rendered":"Uposleni"},"content":{"rendered":"<table style=\"height: 4815px;\" width=\"567\">\n<tbody>\n<tr>\n<td colspan=\"3\" width=\"802\"><img loading=\"lazy\" decoding=\"async\" class=\"aligncenter size-full wp-image-4077\" src=\"http:\/\/strucnoobraz.edu.ba\/wp-content\/uploads\/zulfo-e1759133326259.jpg\" alt=\"\" width=\"190\" height=\"190\" \/><\/p>\n<p style=\"text-align: center;\"><strong><em>Direktor \u0161kole<\/em><\/strong><strong><em><br \/>\ndr. sc. Zulfo Ahmetovi\u0107<\/em><\/strong><\/p>\n<\/td>\n<\/tr>\n<tr>\n<td colspan=\"3\" width=\"802\">\n<p style=\"text-align: center;\"><em><strong>Stru\u010dni saradnici<\/strong><\/em><\/p>\n<\/td>\n<\/tr>\n<tr>\n<td width=\"332\">\n<p style=\"text-align: center;\">\u00a0<em>Pedagog \u0161kole<\/em><\/p>\n<p style=\"text-align: center;\"><em><img loading=\"lazy\" decoding=\"async\" class=\"aligncenter wp-image-1070\" src=\"https:\/\/strucnoobraz.edu.ba\/wp-content\/uploads\/52402610_2281988218791619_7476329106351587328_n-1-249x300.jpg\" alt=\"\" width=\"176\" height=\"201\" \/><\/em><\/p>\n<p style=\"text-align: center;\">Durgut Jasna<em><br \/>\nProf. pedagogije<\/em><\/p>\n<\/td>\n<td style=\"text-align: center;\" width=\"205\">\n<p style=\"text-align: center;\"><em>Sekretar \u0161kole<\/em><\/p>\n<p style=\"text-align: center;\"><em>\u00a0<\/em><\/p>\n<p>Delila Kasumovi\u0107<\/p>\n<p>dipl. iur.<\/td>\n<td style=\"text-align: center;\" width=\"266\">\n<p style=\"text-align: center;\"><em>Psiholog\/Koordinator za prakti\u010dnu nastavu<\/em><em>\u00a0<\/em><em>\u00a0<\/em><img loading=\"lazy\" decoding=\"async\" class=\"aligncenter wp-image-1265\" src=\"https:\/\/strucnoobraz.edu.ba\/wp-content\/uploads\/pita-267x300.jpg\" alt=\"\" width=\"190\" height=\"216\" \/><\/p>\n<p style=\"text-align: center;\">Pita Edin<em>, dipl.pedagog &#8211; psiholog<\/em><\/p>\n<\/td>\n<\/tr>\n<tr>\n<td style=\"text-align: center;\" width=\"332\"><em>Samostalni referent za plan i analizu<\/em><img loading=\"lazy\" decoding=\"async\" class=\"aligncenter wp-image-1035\" src=\"https:\/\/strucnoobraz.edu.ba\/wp-content\/uploads\/Amela-146x300.jpg\" alt=\"\" width=\"122\" height=\"236\" \/>Deli\u0107 &#8211; Pozderovi\u0107 Amela<em><br \/>\nDipl. ekonomistica<\/em><\/td>\n<td width=\"205\">\n<p style=\"text-align: center;\"><em>Nastavnik tjelesnog odgoja<\/em><\/p>\n<p style=\"text-align: center;\"><em>Zub\u010devi\u0107 Bakir<br \/>\nasistent u nastavi<\/em><\/p>\n<\/td>\n<td width=\"266\">\n<p style=\"text-align: center;\"><i>Socijalna radn<\/i><i>ica \u00a0 \u00a0<\/i><\/p>\n<p style=\"text-align: center;\">Jonuz Adisa<em><br \/>\n<\/em><em>asistent u nastavi <\/em><\/p>\n<\/td>\n<\/tr>\n<tr>\n<td colspan=\"3\" width=\"802\">\n<p style=\"text-align: center;\"><em><strong>Nastavno osoblje\/Profesori<\/strong><\/em><\/p>\n<\/td>\n<\/tr>\n<tr>\n<td width=\"332\">\n<p style=\"text-align: center;\"><img loading=\"lazy\" decoding=\"async\" class=\"aligncenter size-medium wp-image-1037\" src=\"https:\/\/strucnoobraz.edu.ba\/wp-content\/uploads\/52761046_383977582419814_8027551359513395200_n-145x300.jpg\" alt=\"\" width=\"145\" height=\"300\" srcset=\"https:\/\/strucnoobraz.edu.ba\/wp-content\/uploads\/52761046_383977582419814_8027551359513395200_n-145x300.jpg 145w, https:\/\/strucnoobraz.edu.ba\/wp-content\/uploads\/52761046_383977582419814_8027551359513395200_n-768x1586.jpg 768w, https:\/\/strucnoobraz.edu.ba\/wp-content\/uploads\/52761046_383977582419814_8027551359513395200_n-496x1024.jpg 496w, https:\/\/strucnoobraz.edu.ba\/wp-content\/uploads\/52761046_383977582419814_8027551359513395200_n.jpg 976w\" sizes=\"auto, (max-width: 145px) 100vw, 145px\" \/><\/p>\n<p style=\"text-align: center;\"><em>Ahmetovi\u0107 Aid<br \/>\n<\/em><em>profesor\u00a0Tjelesnog i zdravstvenog odgoja<\/em><\/p>\n<p style=\"text-align: center;\">\n<\/td>\n<td style=\"text-align: center;\" width=\"205\"><\/td>\n<td width=\"266\">\n<p style=\"text-align: center;\"><em><img loading=\"lazy\" decoding=\"async\" class=\"aligncenter wp-image-1044 size-medium\" src=\"https:\/\/strucnoobraz.edu.ba\/wp-content\/uploads\/52417042_2500294920045196_630763144813215744_n-145x300.jpg\" alt=\"\" width=\"145\" height=\"300\" srcset=\"https:\/\/strucnoobraz.edu.ba\/wp-content\/uploads\/52417042_2500294920045196_630763144813215744_n-145x300.jpg 145w, https:\/\/strucnoobraz.edu.ba\/wp-content\/uploads\/52417042_2500294920045196_630763144813215744_n-768x1586.jpg 768w, https:\/\/strucnoobraz.edu.ba\/wp-content\/uploads\/52417042_2500294920045196_630763144813215744_n-496x1024.jpg 496w, https:\/\/strucnoobraz.edu.ba\/wp-content\/uploads\/52417042_2500294920045196_630763144813215744_n.jpg 976w\" sizes=\"auto, (max-width: 145px) 100vw, 145px\" \/>Hasanovi\u0107 Larisa<br \/>\n<\/em><em>profesorica biologije i hemije<\/em><\/p>\n<p style=\"text-align: center;\"><em>\u00a0 \u00a0 \u00a0 \u00a0 \u00a0 \u00a0<\/em><\/p>\n<\/td>\n<\/tr>\n<tr>\n<td width=\"332\"><a href=\"https:\/\/strucnoobraz.edu.ba\/?attachment_id=3023\"><img loading=\"lazy\" decoding=\"async\" class=\"aligncenter wp-image-3023\" src=\"https:\/\/strucnoobraz.edu.ba\/wp-content\/uploads\/amrabc.jpg\" alt=\"Amra Beganovi\u0107 \u010celebi\u0107\" width=\"138\" height=\"185\" srcset=\"https:\/\/strucnoobraz.edu.ba\/wp-content\/uploads\/amrabc.jpg 734w, https:\/\/strucnoobraz.edu.ba\/wp-content\/uploads\/amrabc-224x300.jpg 224w\" sizes=\"auto, (max-width: 138px) 100vw, 138px\" \/><\/a><\/p>\n<p style=\"text-align: center;\"><em>Beganovi\u0107 &#8211; \u010celebi\u0107 Amra<br \/>\n<\/em><em>profesorica Op\u0107e obrazovnih predmeta<\/em><\/p>\n<p style=\"text-align: center;\">\n<\/td>\n<td style=\"text-align: center;\" width=\"205\"><em>\u00a0<\/em><\/td>\n<td width=\"266\">\n<p style=\"text-align: center;\"><img loading=\"lazy\" decoding=\"async\" class=\"wp-image-1041 aligncenter\" src=\"https:\/\/strucnoobraz.edu.ba\/wp-content\/uploads\/52489261_404941656979127_3482134869692121088_n-146x300.jpg\" alt=\"\" width=\"128\" height=\"279\" \/><\/p>\n<p style=\"text-align: center;\"><em>Deved\u017ei\u0107 Vahida<br \/>\n<\/em><em>profesorica Prakti\u010dne nastave<\/em><\/p>\n<\/td>\n<\/tr>\n<tr>\n<td width=\"332\">\n<p style=\"text-align: center;\"><img loading=\"lazy\" decoding=\"async\" class=\"aligncenter size-medium wp-image-1042\" src=\"https:\/\/strucnoobraz.edu.ba\/wp-content\/uploads\/52591437_815798328784838_4944629370657439744_n-145x300.jpg\" alt=\"\" width=\"145\" height=\"300\" srcset=\"https:\/\/strucnoobraz.edu.ba\/wp-content\/uploads\/52591437_815798328784838_4944629370657439744_n-145x300.jpg 145w, https:\/\/strucnoobraz.edu.ba\/wp-content\/uploads\/52591437_815798328784838_4944629370657439744_n-768x1586.jpg 768w, https:\/\/strucnoobraz.edu.ba\/wp-content\/uploads\/52591437_815798328784838_4944629370657439744_n-496x1024.jpg 496w, https:\/\/strucnoobraz.edu.ba\/wp-content\/uploads\/52591437_815798328784838_4944629370657439744_n.jpg 976w\" sizes=\"auto, (max-width: 145px) 100vw, 145px\" \/><\/p>\n<p style=\"text-align: center;\"><em>Dautba\u0161i\u0107 Elvira<br \/>\n<\/em><em>profesorica Op\u0107e obrazovnih predmeta<\/em><\/p>\n<\/td>\n<td style=\"text-align: center;\" width=\"205\"><\/td>\n<td width=\"266\"><img loading=\"lazy\" decoding=\"async\" class=\"wp-image-1045 aligncenter\" src=\"https:\/\/strucnoobraz.edu.ba\/wp-content\/uploads\/52887320_986222941573758_4454101417774284800_n-145x300.jpg\" alt=\"\" width=\"145\" height=\"300\" srcset=\"https:\/\/strucnoobraz.edu.ba\/wp-content\/uploads\/52887320_986222941573758_4454101417774284800_n-145x300.jpg 145w, https:\/\/strucnoobraz.edu.ba\/wp-content\/uploads\/52887320_986222941573758_4454101417774284800_n-768x1586.jpg 768w, https:\/\/strucnoobraz.edu.ba\/wp-content\/uploads\/52887320_986222941573758_4454101417774284800_n-496x1024.jpg 496w, https:\/\/strucnoobraz.edu.ba\/wp-content\/uploads\/52887320_986222941573758_4454101417774284800_n.jpg 976w\" sizes=\"auto, (max-width: 145px) 100vw, 145px\" \/><\/p>\n<p style=\"text-align: center;\"><em>Kalkan Ernad<br \/>\n<\/em><em>profesor Prakti\u010dne nastave<\/em><\/p>\n<\/td>\n<\/tr>\n<tr>\n<td width=\"332\">\n<p style=\"text-align: center;\">\n<\/td>\n<td style=\"text-align: center;\" width=\"205\"><\/td>\n<td width=\"266\"><\/td>\n<\/tr>\n<tr>\n<td width=\"332\">\n<p style=\"text-align: center;\"><a href=\"https:\/\/strucnoobraz.edu.ba\/?attachment_id=3046\" rel=\"attachment wp-att-3046\"><img loading=\"lazy\" decoding=\"async\" class=\"aligncenter  wp-image-3046\" src=\"https:\/\/strucnoobraz.edu.ba\/wp-content\/uploads\/20221205_100712-225x300.jpg\" alt=\"\" width=\"162\" height=\"212\" \/><\/a><\/p>\n<p style=\"text-align: center;\"><em>Kubura Lejla<br \/>\n<\/em><em>profesorica Op\u0107e obrazovnih predmeta<\/em><\/p>\n<\/td>\n<td style=\"text-align: center;\" width=\"205\"><\/td>\n<td width=\"266\">\n<p style=\"text-align: center;\"><em><img loading=\"lazy\" decoding=\"async\" class=\"aligncenter  wp-image-1048\" src=\"https:\/\/strucnoobraz.edu.ba\/wp-content\/uploads\/52755188_388677665024670_1164337385945694208_n-145x300.jpg\" alt=\"\" width=\"139\" height=\"271\" \/><\/em><\/p>\n<p style=\"text-align: center;\"><em>Halilovi\u0107 Mufida<br \/>\n<\/em><em>profesorica Op\u0107e obrazovnih predmeta<\/em><\/p>\n<\/td>\n<\/tr>\n<tr>\n<td width=\"332\"><img loading=\"lazy\" decoding=\"async\" class=\"aligncenter size-medium wp-image-1049\" src=\"https:\/\/strucnoobraz.edu.ba\/wp-content\/uploads\/52788333_384811619003361_1198171965777510400_n-145x300.jpg\" alt=\"\" width=\"145\" height=\"300\" srcset=\"https:\/\/strucnoobraz.edu.ba\/wp-content\/uploads\/52788333_384811619003361_1198171965777510400_n-145x300.jpg 145w, https:\/\/strucnoobraz.edu.ba\/wp-content\/uploads\/52788333_384811619003361_1198171965777510400_n-768x1586.jpg 768w, https:\/\/strucnoobraz.edu.ba\/wp-content\/uploads\/52788333_384811619003361_1198171965777510400_n-496x1024.jpg 496w, https:\/\/strucnoobraz.edu.ba\/wp-content\/uploads\/52788333_384811619003361_1198171965777510400_n.jpg 976w\" sizes=\"auto, (max-width: 145px) 100vw, 145px\" \/><\/p>\n<p style=\"text-align: center;\"><em>Mulaomerovi\u0107 &#8211; Idrizovi\u0107 Sedina<br \/>\n<\/em><em>\u00a0profesorica Stru\u010dno teoretskih predmeta i Prakti\u010dne nastave<\/em><\/p>\n<\/td>\n<td style=\"text-align: center;\" width=\"205\"><img loading=\"lazy\" decoding=\"async\" class=\"aligncenter size-medium wp-image-1052\" src=\"https:\/\/strucnoobraz.edu.ba\/wp-content\/uploads\/52631619_257227941652162_775012554912038912_n-145x300.jpg\" alt=\"\" width=\"145\" height=\"300\" srcset=\"https:\/\/strucnoobraz.edu.ba\/wp-content\/uploads\/52631619_257227941652162_775012554912038912_n-145x300.jpg 145w, https:\/\/strucnoobraz.edu.ba\/wp-content\/uploads\/52631619_257227941652162_775012554912038912_n-768x1586.jpg 768w, https:\/\/strucnoobraz.edu.ba\/wp-content\/uploads\/52631619_257227941652162_775012554912038912_n-496x1024.jpg 496w, https:\/\/strucnoobraz.edu.ba\/wp-content\/uploads\/52631619_257227941652162_775012554912038912_n.jpg 976w\" sizes=\"auto, (max-width: 145px) 100vw, 145px\" \/>Zaganjor Ned\u017ead<br \/>\n<em>profesor Prakti\u010dne nastave\u00a0<\/em><\/td>\n<td width=\"266\">\n<p style=\"text-align: center;\"><em><img loading=\"lazy\" decoding=\"async\" class=\"size-medium wp-image-1050 alignright\" src=\"https:\/\/strucnoobraz.edu.ba\/wp-content\/uploads\/52482071_2050584104996344_165958081778286592_n-225x300.jpg\" alt=\"\" width=\"225\" height=\"300\" srcset=\"https:\/\/strucnoobraz.edu.ba\/wp-content\/uploads\/52482071_2050584104996344_165958081778286592_n-225x300.jpg 225w, https:\/\/strucnoobraz.edu.ba\/wp-content\/uploads\/52482071_2050584104996344_165958081778286592_n-768x1024.jpg 768w\" sizes=\"auto, (max-width: 225px) 100vw, 225px\" \/><\/em><\/p>\n<p style=\"text-align: center;\"><em>Sivac Merima<br \/>\n<\/em><em>profesorica Stru\u010dno teoretskih predmeta<\/em><\/p>\n<\/td>\n<\/tr>\n<tr>\n<td width=\"332\"><\/td>\n<td style=\"text-align: center;\" width=\"205\"><\/td>\n<td width=\"266\">\n<p style=\"text-align: center;\">\n<\/td>\n<\/tr>\n<tr>\n<td width=\"332\"><em><img loading=\"lazy\" decoding=\"async\" class=\" wp-image-1051 aligncenter\" src=\"https:\/\/strucnoobraz.edu.ba\/wp-content\/uploads\/51983522_2147292972021942_3719661353028288512_n-146x300.jpg\" alt=\"\" width=\"162\" height=\"321\" \/><\/em><\/p>\n<p style=\"text-align: center;\"><em>Veli\u0107 Irma<br \/>\n<\/em><em>profesorica Prakti\u010dne nastave<\/em><\/p>\n<p style=\"text-align: center;\">\u00a0 \u00a0 \u00a0 \u00a0 \u00a0 \u00a0 \u00a0 \u00a0 \u00a0 \u00a0 \u00a0 \u00a0 \u00a0<a href=\"http:\/\/strucnoobraz.edu.ba\/wp-content\/uploads\/52508058_315093706029312_6464785972235075584_n.jpg\"><img loading=\"lazy\" decoding=\"async\" class=\"size-medium wp-image-1039\" src=\"http:\/\/strucnoobraz.edu.ba\/wp-content\/uploads\/52508058_315093706029312_6464785972235075584_n-146x300.jpg\" alt=\"\" width=\"146\" height=\"300\" srcset=\"https:\/\/strucnoobraz.edu.ba\/wp-content\/uploads\/52508058_315093706029312_6464785972235075584_n-146x300.jpg 146w, https:\/\/strucnoobraz.edu.ba\/wp-content\/uploads\/52508058_315093706029312_6464785972235075584_n-768x1580.jpg 768w, https:\/\/strucnoobraz.edu.ba\/wp-content\/uploads\/52508058_315093706029312_6464785972235075584_n-498x1024.jpg 498w, https:\/\/strucnoobraz.edu.ba\/wp-content\/uploads\/52508058_315093706029312_6464785972235075584_n.jpg 980w\" sizes=\"auto, (max-width: 146px) 100vw, 146px\" \/><\/a><\/p>\n<p style=\"text-align: center;\"><em>Samra Ba\u0161i\u0107<\/em><\/p>\n<p style=\"text-align: center;\"><em>profesorica prakti\u010dna nastave<\/em><\/p>\n<\/td>\n<td style=\"text-align: center;\" width=\"205\"><\/td>\n<td style=\"text-align: center;\" width=\"266\"><em><img loading=\"lazy\" decoding=\"async\" class=\"wp-image-2353 aligncenter\" src=\"https:\/\/strucnoobraz.edu.ba\/wp-content\/uploads\/IMG-492c67f6d45065ee89fbd2584a99f559-V-1-208x300.jpg\" alt=\"\" width=\"213\" height=\"301\" \/>Pavlovi\u0107 Mersiha<br \/>\nprofesorica Prakti\u010dne nastave<\/em><\/td>\n<\/tr>\n<tr>\n<td colspan=\"3\" width=\"802\">\n<p style=\"text-align: center;\"><strong><em>Tehni\u010dko osoblje<\/em><\/strong><\/p>\n<\/td>\n<\/tr>\n<tr>\n<td width=\"332\"><em>\u00a0 \u00a0 \u00a0 \u00a0 \u00a0<\/em><\/p>\n<p style=\"text-align: center;\">\u00a0Lili\u0107 Mirnes<\/p>\n<p style=\"text-align: center;\"><em>Domar \u0161kole<\/em><\/p>\n<\/td>\n<td style=\"text-align: center;\" width=\"205\"><img loading=\"lazy\" decoding=\"async\" class=\"aligncenter size-medium wp-image-1056\" src=\"https:\/\/strucnoobraz.edu.ba\/wp-content\/uploads\/52821664_302135237113794_7745438756252942336_n-145x300.jpg\" alt=\"\" width=\"145\" height=\"300\" srcset=\"https:\/\/strucnoobraz.edu.ba\/wp-content\/uploads\/52821664_302135237113794_7745438756252942336_n-145x300.jpg 145w, https:\/\/strucnoobraz.edu.ba\/wp-content\/uploads\/52821664_302135237113794_7745438756252942336_n-768x1586.jpg 768w, https:\/\/strucnoobraz.edu.ba\/wp-content\/uploads\/52821664_302135237113794_7745438756252942336_n-496x1024.jpg 496w, https:\/\/strucnoobraz.edu.ba\/wp-content\/uploads\/52821664_302135237113794_7745438756252942336_n.jpg 1952w\" sizes=\"auto, (max-width: 145px) 100vw, 145px\" \/><span style=\"display: inline !important; float: none; background-color: #ffffff; color: #333333; cursor: text; font-family: 'Helvetica Neue',Helvetica,Arial,'Nimbus Sans L',sans-serif; font-size: 15px; font-style: normal; font-variant: normal; font-weight: 300; letter-spacing: normal; orphans: 2; text-align: left; text-decoration: none; text-indent: 0px; text-transform: none; -webkit-text-stroke-width: 0px; white-space: normal; word-spacing: 0px;\">Krupalija Amra<\/span><br \/>\n<em>Radnica na odr\u017eavanju higijene objekta i opreme<\/em><\/td>\n<td width=\"266\">\n<p style=\"text-align: center;\"><img loading=\"lazy\" decoding=\"async\" class=\"aligncenter wp-image-1071\" src=\"https:\/\/strucnoobraz.edu.ba\/wp-content\/uploads\/52797012_300139634008351_6781271078506332160_n-171x300.jpg\" alt=\"\" width=\"139\" height=\"230\" \/><\/p>\n<p style=\"text-align: center;\">Kasapovi\u0107 Muamera<br \/>\n<em>Radnica na odr\u017eavanju higijene objekta i opreme<\/em><\/p>\n<\/td>\n<\/tr>\n<tr>\n<td style=\"text-align: center;\" width=\"332\"><\/td>\n<td width=\"205\">Abaz Munevera<br \/>\n<em>Radnica na odr\u017eavanju higijene objekta i opreme<\/em><\/td>\n<td width=\"266\"><\/td>\n<\/tr>\n<tr>\n<td width=\"332\"><\/td>\n<td width=\"205\"><\/td>\n<td width=\"266\"><\/td>\n<\/tr>\n<tr>\n<td colspan=\"3\" width=\"802\"><\/td>\n<\/tr>\n<\/tbody>\n<\/table>\n","protected":false},"excerpt":{"rendered":"<p>Direktor \u0161kole dr. sc. Zulfo Ahmetovi\u0107 Stru\u010dni saradnici \u00a0Pedagog \u0161kole Durgut Jasna Prof. pedagogije Sekretar \u0161kole \u00a0 Delila Kasumovi\u0107 dipl. iur. Psiholog\/Koordinator za prakti\u010dnu nastavu\u00a0\u00a0 Pita Edin, dipl.pedagog &#8211; psiholog Samostalni referent za plan i analizuDeli\u0107 &#8211; Pozderovi\u0107 Amela Dipl. &hellip; <a href=\"https:\/\/strucnoobraz.edu.ba\/?page_id=271\">Continue reading <span class=\"meta-nav\">&rarr;<\/span><\/a><\/p>\n","protected":false},"author":1,"featured_media":0,"parent":0,"menu_order":0,"comment_status":"closed","ping_status":"open","template":"","meta":{"footnotes":""},"class_list":["post-271","page","type-page","status-publish","hentry"],"_links":{"self":[{"href":"https:\/\/strucnoobraz.edu.ba\/index.php?rest_route=\/wp\/v2\/pages\/271","targetHints":{"allow":["GET"]}}],"collection":[{"href":"https:\/\/strucnoobraz.edu.ba\/index.php?rest_route=\/wp\/v2\/pages"}],"about":[{"href":"https:\/\/strucnoobraz.edu.ba\/index.php?rest_route=\/wp\/v2\/types\/page"}],"author":[{"embeddable":true,"href":"https:\/\/strucnoobraz.edu.ba\/index.php?rest_route=\/wp\/v2\/users\/1"}],"replies":[{"embeddable":true,"href":"https:\/\/strucnoobraz.edu.ba\/index.php?rest_route=%2Fwp%2Fv2%2Fcomments&post=271"}],"version-history":[{"count":141,"href":"https:\/\/strucnoobraz.edu.ba\/index.php?rest_route=\/wp\/v2\/pages\/271\/revisions"}],"predecessor-version":[{"id":4298,"href":"https:\/\/strucnoobraz.edu.ba\/index.php?rest_route=\/wp\/v2\/pages\/271\/revisions\/4298"}],"wp:attachment":[{"href":"https:\/\/strucnoobraz.edu.ba\/index.php?rest_route=%2Fwp%2Fv2%2Fmedia&parent=271"}],"curies":[{"name":"wp","href":"https:\/\/api.w.org\/{rel}","templated":true}]}}