{"id":1686,"date":"2022-03-16T09:00:00","date_gmt":"2022-03-16T08:00:00","guid":{"rendered":"http:\/\/strucnoobraz.edu.ba\/?page_id=1686"},"modified":"2025-09-29T10:11:27","modified_gmt":"2025-09-29T08:11:27","slug":"skolski-odbor-2","status":"publish","type":"page","link":"https:\/\/strucnoobraz.edu.ba\/?page_id=1686","title":{"rendered":"\u0160KOLSKI ODBOR"},"content":{"rendered":"\n<div style=\"height:8px\" aria-hidden=\"true\" class=\"wp-block-spacer\"><\/div>\n\n\n\n<h1 class=\"wp-block-heading\"><strong>\u010cLANOVI \u0160KOLSKOG ODBORA JU \u0160KOLA ZA SREDNJE STRU\u010cNO OBRAZOVANJE I RADNO OSPOSOBLJAVANJE SARAJEVO:<\/strong><\/h1>\n\n\n\n<p><\/p>\n\n\n\n<ol class=\"wp-block-list\">\n<li><strong>Amra Saletovi\u0107, <\/strong>predsjednica, <em>predstavnik Ministarstva<\/em><\/li>\n\n\n\n<li><strong>Selma Kapi\u0107-Kantard\u017ei\u0107-Jurki\u0107<\/strong>, \u010dlanica, <em>predstavnik radnika<\/em><\/li>\n\n\n\n<li><strong>Senad Tafro<\/strong>, \u010dlan, <em>predstavnik Grada<\/em><\/li>\n\n\n\n<li><strong>Kornelia Sabo Mehi\u0107<\/strong>, V.D. \u010dlanica, <em>predstavnik roditelja<\/em><\/li>\n<\/ol>\n\n\n\n<div style=\"height:13px\" aria-hidden=\"true\" class=\"wp-block-spacer\"><\/div>\n\n\n\n<figure class=\"wp-block-table is-style-stripes\"><table class=\"has-background\" style=\"background-color:#e9fbe5\"><thead><tr><th><strong>SJEDNICE \u0160KOLSKOG ODBORA<\/strong><\/th><th>download<\/th><\/tr><\/thead><tbody><tr><td><\/td><td><\/td><\/tr><tr><td><\/td><td><\/td><\/tr><tr><td><\/td><td><\/td><\/tr><tr><td><\/td><td><\/td><\/tr><tr><td><\/td><td><\/td><\/tr><tr><td><\/td><td><\/td><\/tr><tr><td><\/td><td><\/td><\/tr><\/tbody><\/table><\/figure>\n\n\n\n<hr class=\"wp-block-separator has-css-opacity is-style-wide\"\/>\n","protected":false},"excerpt":{"rendered":"<p>\u010cLANOVI \u0160KOLSKOG ODBORA JU \u0160KOLA ZA SREDNJE STRU\u010cNO OBRAZOVANJE I RADNO OSPOSOBLJAVANJE SARAJEVO: SJEDNICE \u0160KOLSKOG ODBORA download<\/p>\n","protected":false},"author":1,"featured_media":0,"parent":0,"menu_order":0,"comment_status":"closed","ping_status":"closed","template":"","meta":{"footnotes":""},"class_list":["post-1686","page","type-page","status-publish","hentry"],"_links":{"self":[{"href":"https:\/\/strucnoobraz.edu.ba\/index.php?rest_route=\/wp\/v2\/pages\/1686","targetHints":{"allow":["GET"]}}],"collection":[{"href":"https:\/\/strucnoobraz.edu.ba\/index.php?rest_route=\/wp\/v2\/pages"}],"about":[{"href":"https:\/\/strucnoobraz.edu.ba\/index.php?rest_route=\/wp\/v2\/types\/page"}],"author":[{"embeddable":true,"href":"https:\/\/strucnoobraz.edu.ba\/index.php?rest_route=\/wp\/v2\/users\/1"}],"replies":[{"embeddable":true,"href":"https:\/\/strucnoobraz.edu.ba\/index.php?rest_route=%2Fwp%2Fv2%2Fcomments&post=1686"}],"version-history":[{"count":99,"href":"https:\/\/strucnoobraz.edu.ba\/index.php?rest_route=\/wp\/v2\/pages\/1686\/revisions"}],"predecessor-version":[{"id":4080,"href":"https:\/\/strucnoobraz.edu.ba\/index.php?rest_route=\/wp\/v2\/pages\/1686\/revisions\/4080"}],"wp:attachment":[{"href":"https:\/\/strucnoobraz.edu.ba\/index.php?rest_route=%2Fwp%2Fv2%2Fmedia&parent=1686"}],"curies":[{"name":"wp","href":"https:\/\/api.w.org\/{rel}","templated":true}]}}